{"id":1632,"date":"2024-10-30T19:06:16","date_gmt":"2024-10-30T22:06:16","guid":{"rendered":"https:\/\/farofadecolher.com.br\/loja\/?post_type=product&#038;p=1632"},"modified":"2026-04-22T14:16:07","modified_gmt":"2026-04-22T17:16:07","slug":"cappuccino-artesanal-250g","status":"publish","type":"product","link":"https:\/\/farofadecolher.com.br\/loja\/produto\/cappuccino-artesanal-250g\/","title":{"rendered":"Cappuccino Artesanal 250g"},"content":{"rendered":"<p>Nosso Cappuccino Artesanal \u00e9 elaborado com ingredientes selecionados, com toque sofisticado, formando uma combina\u00e7\u00e3o deliciosa de caf\u00e9 com chocolate nobre, de f\u00e1cil dissolu\u00e7\u00e3o, podendo ser servido quente ou frio.<\/p>\n<p><strong>INGREDIENTES:<\/strong><\/p>\n<p>Leite em p\u00f3, Caf\u00e9, Chocolate nobre, Canela, Bicarbonato de s\u00f3dio, Chantilly, A\u00e7\u00facar refinado e op\u00e7\u00e3o com Marshmallows<\/p>\n<p><strong>MODO DE PREPARO:<\/strong><\/p>\n<p>1 colher de sopa do cappuccino para aprox. 100 ml de leite quente ou frio.<\/p>\n","protected":false},"excerpt":{"rendered":"<p><strong>Serve aproximadamente 14 por\u00e7\u00f5es!<\/strong><\/p>\n<p>Nosso Cappuccino Artesanal \u00e9 elaborado com ingredientes selecionados, com toque sofisticado, formando uma combina\u00e7\u00e3o deliciosa de caf\u00e9 com chocolate nobre, de f\u00e1cil dissolu\u00e7\u00e3o, podendo ser servido quente ou frio e com a op\u00e7\u00e3o de pequenos peda\u00e7os de Marshmallows (diretamente dos USA)&#8230;<\/p>\n<ul style=\"font-size: 14px; margin: 20px 0 0;\">\n<li style=\"margin-bottom: 8px;\"><i class=\"icon-check\" style=\"color: #aaaaaa; margin-right: 10px;\"><\/i>Artesanal<\/li>\n<li style=\"margin-bottom: 8px;\"><i class=\"icon-check\" style=\"color: #aaaaaa; margin-right: 10px;\"><\/i>Sofisticado<\/li>\n<li style=\"margin-bottom: 8px;\"><i class=\"icon-check\" style=\"color: #aaaaaa; margin-right: 10px;\"><\/i>Arom\u00e1tico<\/li>\n<li style=\"margin-bottom: 8px;\"><i class=\"icon-check\" style=\"color: #aaaaaa; margin-right: 10px;\"><\/i>Delicado<\/li>\n<\/ul>\n","protected":false},"featured_media":1635,"comment_status":"open","ping_status":"closed","template":"","meta":{"ocean_post_layout":"","ocean_both_sidebars_style":"","ocean_both_sidebars_content_width":0,"ocean_both_sidebars_sidebars_width":0,"ocean_sidebar":"0","ocean_second_sidebar":"0","ocean_disable_margins":"enable","ocean_add_body_class":"","ocean_shortcode_before_top_bar":"","ocean_shortcode_after_top_bar":"","ocean_shortcode_before_header":"","ocean_shortcode_after_header":"","ocean_has_shortcode":"","ocean_shortcode_after_title":"","ocean_shortcode_before_footer_widgets":"","ocean_shortcode_after_footer_widgets":"","ocean_shortcode_before_footer_bottom":"","ocean_shortcode_after_footer_bottom":"","ocean_display_top_bar":"default","ocean_display_header":"default","ocean_header_style":"","ocean_center_header_left_menu":"0","ocean_custom_header_template":"0","ocean_custom_logo":0,"ocean_custom_retina_logo":0,"ocean_custom_logo_max_width":0,"ocean_custom_logo_tablet_max_width":0,"ocean_custom_logo_mobile_max_width":0,"ocean_custom_logo_max_height":0,"ocean_custom_logo_tablet_max_height":0,"ocean_custom_logo_mobile_max_height":0,"ocean_header_custom_menu":"0","ocean_menu_typo_font_family":"0","ocean_menu_typo_font_subset":"","ocean_menu_typo_font_size":0,"ocean_menu_typo_font_size_tablet":0,"ocean_menu_typo_font_size_mobile":0,"ocean_menu_typo_font_size_unit":"px","ocean_menu_typo_font_weight":"","ocean_menu_typo_font_weight_tablet":"","ocean_menu_typo_font_weight_mobile":"","ocean_menu_typo_transform":"","ocean_menu_typo_transform_tablet":"","ocean_menu_typo_transform_mobile":"","ocean_menu_typo_line_height":0,"ocean_menu_typo_line_height_tablet":0,"ocean_menu_typo_line_height_mobile":0,"ocean_menu_typo_line_height_unit":"","ocean_menu_typo_spacing":0,"ocean_menu_typo_spacing_tablet":0,"ocean_menu_typo_spacing_mobile":0,"ocean_menu_typo_spacing_unit":"","ocean_menu_link_color":"","ocean_menu_link_color_hover":"","ocean_menu_link_color_active":"","ocean_menu_link_background":"","ocean_menu_link_hover_background":"","ocean_menu_link_active_background":"","ocean_menu_social_links_bg":"","ocean_menu_social_hover_links_bg":"","ocean_menu_social_links_color":"","ocean_menu_social_hover_links_color":"","ocean_disable_title":"default","ocean_disable_heading":"default","ocean_post_title":"","ocean_post_subheading":"","ocean_post_title_style":"","ocean_post_title_background_color":"","ocean_post_title_background":0,"ocean_post_title_bg_image_position":"","ocean_post_title_bg_image_attachment":"","ocean_post_title_bg_image_repeat":"","ocean_post_title_bg_image_size":"","ocean_post_title_height":0,"ocean_post_title_bg_overlay":0.5,"ocean_post_title_bg_overlay_color":"","ocean_disable_breadcrumbs":"default","ocean_breadcrumbs_color":"","ocean_breadcrumbs_separator_color":"","ocean_breadcrumbs_links_color":"","ocean_breadcrumbs_links_hover_color":"","ocean_display_footer_widgets":"default","ocean_display_footer_bottom":"default","ocean_custom_footer_template":"0"},"product_brand":[],"product_cat":[84],"product_tag":[93,94,95,96,85,92,89,100],"class_list":{"0":"post-1632","1":"product","2":"type-product","3":"status-publish","4":"has-post-thumbnail","6":"product_cat-cappuccinos","7":"product_tag-acompanhamento","8":"product_tag-cafe-da-manha","9":"product_tag-cafe-da-tarde","10":"product_tag-cafezinho","11":"product_tag-cappuccino","12":"product_tag-deliciosa","13":"product_tag-ingredientes-selecionados","14":"product_tag-marshmallows","16":"entry","17":"has-media","19":"first","20":"instock","21":"purchasable","22":"product-type-variable","23":"has-product-nav","24":"col","25":"span_1_of_3","26":"owp-content-center","27":"owp-thumbs-layout-horizontal","28":"owp-btn-big","29":"owp-tabs-layout-horizontal"},"yoast_head":"<!-- This site is optimized with the Yoast SEO plugin v27.4 - https:\/\/yoast.com\/product\/yoast-seo-wordpress\/ -->\n<title>Far\u00f3 a sua farofa de colher - Cappuccino Artesanal (Marshmallows)<\/title>\n<meta name=\"description\" content=\"Nossa farofa \u00e9 elaborada com todos os cuidados e aten\u00e7\u00e3o com ingredientes escolhidos e selecionados pela Chef Bruna Mattenoni.\" \/>\n<meta name=\"robots\" content=\"index, follow, max-snippet:-1, max-image-preview:large, max-video-preview:-1\" \/>\n<link rel=\"canonical\" href=\"https:\/\/farofadecolher.com.br\/loja\/produto\/cappuccino-artesanal-250g\/\" \/>\n<meta property=\"og:locale\" content=\"pt_BR\" \/>\n<meta property=\"og:type\" content=\"article\" \/>\n<meta property=\"og:title\" content=\"Cappuccino Artesanal 160g\" \/>\n<meta property=\"og:description\" content=\"Nosso Cappuccino Artesanal \u00e9 elaborado com ingredientes selecionados, com toque sofisticado, formando uma combina\u00e7\u00e3o deliciosa de caf\u00e9 com chocolate nobre, de f\u00e1cil dissolu\u00e7\u00e3o, podendo ser servido quente ou frio.\" \/>\n<meta property=\"og:url\" content=\"https:\/\/farofadecolher.com.br\/loja\/produto\/cappuccino-artesanal-250g\/\" \/>\n<meta property=\"og:site_name\" content=\"Farofa de Colher\" \/>\n<meta property=\"article:modified_time\" content=\"2026-04-22T17:16:07+00:00\" \/>\n<meta property=\"og:image\" content=\"https:\/\/farofadecolher.com.br\/loja\/wp-content\/uploads\/2022\/04\/cappuccino.jpg\" \/>\n\t<meta property=\"og:image:width\" content=\"800\" \/>\n\t<meta property=\"og:image:height\" content=\"1066\" \/>\n\t<meta property=\"og:image:type\" content=\"image\/jpeg\" \/>\n<meta name=\"twitter:card\" content=\"summary_large_image\" \/>\n<meta name=\"twitter:title\" content=\"Cappuccino Artesanal 160g\" \/>\n<meta name=\"twitter:description\" content=\"Nosso Cappuccino Artesanal \u00e9 elaborado com ingredientes selecionados, com toque sofisticado, formando uma combina\u00e7\u00e3o deliciosa de caf\u00e9 com chocolate nobre, de f\u00e1cil dissolu\u00e7\u00e3o, podendo ser servido quente ou frio.\" \/>\n<meta name=\"twitter:image\" content=\"https:\/\/farofadecolher.com.br\/loja\/wp-content\/uploads\/2022\/04\/cappuccino.jpg\" \/>\n<meta name=\"twitter:label1\" content=\"Est. tempo de leitura\" \/>\n\t<meta name=\"twitter:data1\" content=\"1 minuto\" \/>\n<script type=\"application\/ld+json\" class=\"yoast-schema-graph\">{\"@context\":\"https:\\\/\\\/schema.org\",\"@graph\":[{\"@type\":\"WebPage\",\"@id\":\"https:\\\/\\\/farofadecolher.com.br\\\/loja\\\/produto\\\/cappuccino-artesanal-250g\\\/\",\"url\":\"https:\\\/\\\/farofadecolher.com.br\\\/loja\\\/produto\\\/cappuccino-artesanal-250g\\\/\",\"name\":\"Far\u00f3 a sua farofa de colher - Cappuccino Artesanal (Marshmallows)\",\"isPartOf\":{\"@id\":\"https:\\\/\\\/farofadecolher.com.br\\\/loja\\\/#website\"},\"primaryImageOfPage\":{\"@id\":\"https:\\\/\\\/farofadecolher.com.br\\\/loja\\\/produto\\\/cappuccino-artesanal-250g\\\/#primaryimage\"},\"image\":{\"@id\":\"https:\\\/\\\/farofadecolher.com.br\\\/loja\\\/produto\\\/cappuccino-artesanal-250g\\\/#primaryimage\"},\"thumbnailUrl\":\"https:\\\/\\\/farofadecolher.com.br\\\/loja\\\/wp-content\\\/uploads\\\/2024\\\/10\\\/cappuccino-foto1-2024.png\",\"datePublished\":\"2024-10-30T22:06:16+00:00\",\"dateModified\":\"2026-04-22T17:16:07+00:00\",\"description\":\"Nossa farofa \u00e9 elaborada com todos os cuidados e aten\u00e7\u00e3o com ingredientes escolhidos e selecionados pela Chef Bruna Mattenoni.\",\"breadcrumb\":{\"@id\":\"https:\\\/\\\/farofadecolher.com.br\\\/loja\\\/produto\\\/cappuccino-artesanal-250g\\\/#breadcrumb\"},\"inLanguage\":\"pt-BR\",\"potentialAction\":[{\"@type\":\"ReadAction\",\"target\":[\"https:\\\/\\\/farofadecolher.com.br\\\/loja\\\/produto\\\/cappuccino-artesanal-250g\\\/\"]}]},{\"@type\":\"ImageObject\",\"inLanguage\":\"pt-BR\",\"@id\":\"https:\\\/\\\/farofadecolher.com.br\\\/loja\\\/produto\\\/cappuccino-artesanal-250g\\\/#primaryimage\",\"url\":\"https:\\\/\\\/farofadecolher.com.br\\\/loja\\\/wp-content\\\/uploads\\\/2024\\\/10\\\/cappuccino-foto1-2024.png\",\"contentUrl\":\"https:\\\/\\\/farofadecolher.com.br\\\/loja\\\/wp-content\\\/uploads\\\/2024\\\/10\\\/cappuccino-foto1-2024.png\",\"width\":785,\"height\":856},{\"@type\":\"BreadcrumbList\",\"@id\":\"https:\\\/\\\/farofadecolher.com.br\\\/loja\\\/produto\\\/cappuccino-artesanal-250g\\\/#breadcrumb\",\"itemListElement\":[{\"@type\":\"ListItem\",\"position\":1,\"name\":\"In\u00edcio\",\"item\":\"https:\\\/\\\/farofadecolher.com.br\\\/loja\\\/\"},{\"@type\":\"ListItem\",\"position\":2,\"name\":\"Loja\",\"item\":\"https:\\\/\\\/farofadecolher.com.br\\\/loja\\\/produtos\\\/\"},{\"@type\":\"ListItem\",\"position\":3,\"name\":\"Cappuccino Artesanal 250g\"}]},{\"@type\":\"WebSite\",\"@id\":\"https:\\\/\\\/farofadecolher.com.br\\\/loja\\\/#website\",\"url\":\"https:\\\/\\\/farofadecolher.com.br\\\/loja\\\/\",\"name\":\"Farofa de Colher\",\"description\":\"Voc\u00ea vai querer comer de colher!\",\"publisher\":{\"@id\":\"https:\\\/\\\/farofadecolher.com.br\\\/loja\\\/#organization\"},\"alternateName\":\"FarofaDeColher.com.br\",\"potentialAction\":[{\"@type\":\"SearchAction\",\"target\":{\"@type\":\"EntryPoint\",\"urlTemplate\":\"https:\\\/\\\/farofadecolher.com.br\\\/loja\\\/?s={search_term_string}\"},\"query-input\":{\"@type\":\"PropertyValueSpecification\",\"valueRequired\":true,\"valueName\":\"search_term_string\"}}],\"inLanguage\":\"pt-BR\"},{\"@type\":\"Organization\",\"@id\":\"https:\\\/\\\/farofadecolher.com.br\\\/loja\\\/#organization\",\"name\":\"Far\u00f3\",\"alternateName\":\"FarofaDeColher.com.br\",\"url\":\"https:\\\/\\\/farofadecolher.com.br\\\/loja\\\/\",\"logo\":{\"@type\":\"ImageObject\",\"inLanguage\":\"pt-BR\",\"@id\":\"https:\\\/\\\/farofadecolher.com.br\\\/loja\\\/#\\\/schema\\\/logo\\\/image\\\/\",\"url\":\"https:\\\/\\\/farofadecolher.com.br\\\/loja\\\/wp-content\\\/uploads\\\/2021\\\/11\\\/cropped-Logo-1.png\",\"contentUrl\":\"https:\\\/\\\/farofadecolher.com.br\\\/loja\\\/wp-content\\\/uploads\\\/2021\\\/11\\\/cropped-Logo-1.png\",\"width\":822,\"height\":409,\"caption\":\"Far\u00f3\"},\"image\":{\"@id\":\"https:\\\/\\\/farofadecolher.com.br\\\/loja\\\/#\\\/schema\\\/logo\\\/image\\\/\"},\"sameAs\":[\"https:\\\/\\\/www.instagram.com\\\/brumatteoni\\\/\"]}]}<\/script>\n<!-- \/ Yoast SEO plugin. -->","yoast_head_json":{"title":"Far\u00f3 a sua farofa de colher - Cappuccino Artesanal (Marshmallows)","description":"Nossa farofa \u00e9 elaborada com todos os cuidados e aten\u00e7\u00e3o com ingredientes escolhidos e selecionados pela Chef Bruna Mattenoni.","robots":{"index":"index","follow":"follow","max-snippet":"max-snippet:-1","max-image-preview":"max-image-preview:large","max-video-preview":"max-video-preview:-1"},"canonical":"https:\/\/farofadecolher.com.br\/loja\/produto\/cappuccino-artesanal-250g\/","og_locale":"pt_BR","og_type":"article","og_title":"Cappuccino Artesanal 160g","og_description":"Nosso Cappuccino Artesanal \u00e9 elaborado com ingredientes selecionados, com toque sofisticado, formando uma combina\u00e7\u00e3o deliciosa de caf\u00e9 com chocolate nobre, de f\u00e1cil dissolu\u00e7\u00e3o, podendo ser servido quente ou frio.","og_url":"https:\/\/farofadecolher.com.br\/loja\/produto\/cappuccino-artesanal-250g\/","og_site_name":"Farofa de Colher","article_modified_time":"2026-04-22T17:16:07+00:00","og_image":[{"width":800,"height":1066,"url":"https:\/\/farofadecolher.com.br\/loja\/wp-content\/uploads\/2022\/04\/cappuccino.jpg","type":"image\/jpeg"}],"twitter_card":"summary_large_image","twitter_title":"Cappuccino Artesanal 160g","twitter_description":"Nosso Cappuccino Artesanal \u00e9 elaborado com ingredientes selecionados, com toque sofisticado, formando uma combina\u00e7\u00e3o deliciosa de caf\u00e9 com chocolate nobre, de f\u00e1cil dissolu\u00e7\u00e3o, podendo ser servido quente ou frio.","twitter_image":"https:\/\/farofadecolher.com.br\/loja\/wp-content\/uploads\/2022\/04\/cappuccino.jpg","twitter_misc":{"Est. tempo de leitura":"1 minuto"},"schema":{"@context":"https:\/\/schema.org","@graph":[{"@type":"WebPage","@id":"https:\/\/farofadecolher.com.br\/loja\/produto\/cappuccino-artesanal-250g\/","url":"https:\/\/farofadecolher.com.br\/loja\/produto\/cappuccino-artesanal-250g\/","name":"Far\u00f3 a sua farofa de colher - Cappuccino Artesanal (Marshmallows)","isPartOf":{"@id":"https:\/\/farofadecolher.com.br\/loja\/#website"},"primaryImageOfPage":{"@id":"https:\/\/farofadecolher.com.br\/loja\/produto\/cappuccino-artesanal-250g\/#primaryimage"},"image":{"@id":"https:\/\/farofadecolher.com.br\/loja\/produto\/cappuccino-artesanal-250g\/#primaryimage"},"thumbnailUrl":"https:\/\/farofadecolher.com.br\/loja\/wp-content\/uploads\/2024\/10\/cappuccino-foto1-2024.png","datePublished":"2024-10-30T22:06:16+00:00","dateModified":"2026-04-22T17:16:07+00:00","description":"Nossa farofa \u00e9 elaborada com todos os cuidados e aten\u00e7\u00e3o com ingredientes escolhidos e selecionados pela Chef Bruna Mattenoni.","breadcrumb":{"@id":"https:\/\/farofadecolher.com.br\/loja\/produto\/cappuccino-artesanal-250g\/#breadcrumb"},"inLanguage":"pt-BR","potentialAction":[{"@type":"ReadAction","target":["https:\/\/farofadecolher.com.br\/loja\/produto\/cappuccino-artesanal-250g\/"]}]},{"@type":"ImageObject","inLanguage":"pt-BR","@id":"https:\/\/farofadecolher.com.br\/loja\/produto\/cappuccino-artesanal-250g\/#primaryimage","url":"https:\/\/farofadecolher.com.br\/loja\/wp-content\/uploads\/2024\/10\/cappuccino-foto1-2024.png","contentUrl":"https:\/\/farofadecolher.com.br\/loja\/wp-content\/uploads\/2024\/10\/cappuccino-foto1-2024.png","width":785,"height":856},{"@type":"BreadcrumbList","@id":"https:\/\/farofadecolher.com.br\/loja\/produto\/cappuccino-artesanal-250g\/#breadcrumb","itemListElement":[{"@type":"ListItem","position":1,"name":"In\u00edcio","item":"https:\/\/farofadecolher.com.br\/loja\/"},{"@type":"ListItem","position":2,"name":"Loja","item":"https:\/\/farofadecolher.com.br\/loja\/produtos\/"},{"@type":"ListItem","position":3,"name":"Cappuccino Artesanal 250g"}]},{"@type":"WebSite","@id":"https:\/\/farofadecolher.com.br\/loja\/#website","url":"https:\/\/farofadecolher.com.br\/loja\/","name":"Farofa de Colher","description":"Voc\u00ea vai querer comer de colher!","publisher":{"@id":"https:\/\/farofadecolher.com.br\/loja\/#organization"},"alternateName":"FarofaDeColher.com.br","potentialAction":[{"@type":"SearchAction","target":{"@type":"EntryPoint","urlTemplate":"https:\/\/farofadecolher.com.br\/loja\/?s={search_term_string}"},"query-input":{"@type":"PropertyValueSpecification","valueRequired":true,"valueName":"search_term_string"}}],"inLanguage":"pt-BR"},{"@type":"Organization","@id":"https:\/\/farofadecolher.com.br\/loja\/#organization","name":"Far\u00f3","alternateName":"FarofaDeColher.com.br","url":"https:\/\/farofadecolher.com.br\/loja\/","logo":{"@type":"ImageObject","inLanguage":"pt-BR","@id":"https:\/\/farofadecolher.com.br\/loja\/#\/schema\/logo\/image\/","url":"https:\/\/farofadecolher.com.br\/loja\/wp-content\/uploads\/2021\/11\/cropped-Logo-1.png","contentUrl":"https:\/\/farofadecolher.com.br\/loja\/wp-content\/uploads\/2021\/11\/cropped-Logo-1.png","width":822,"height":409,"caption":"Far\u00f3"},"image":{"@id":"https:\/\/farofadecolher.com.br\/loja\/#\/schema\/logo\/image\/"},"sameAs":["https:\/\/www.instagram.com\/brumatteoni\/"]}]}},"_links":{"self":[{"href":"https:\/\/farofadecolher.com.br\/loja\/wp-json\/wp\/v2\/product\/1632","targetHints":{"allow":["GET"]}}],"collection":[{"href":"https:\/\/farofadecolher.com.br\/loja\/wp-json\/wp\/v2\/product"}],"about":[{"href":"https:\/\/farofadecolher.com.br\/loja\/wp-json\/wp\/v2\/types\/product"}],"replies":[{"embeddable":true,"href":"https:\/\/farofadecolher.com.br\/loja\/wp-json\/wp\/v2\/comments?post=1632"}],"wp:featuredmedia":[{"embeddable":true,"href":"https:\/\/farofadecolher.com.br\/loja\/wp-json\/wp\/v2\/media\/1635"}],"wp:attachment":[{"href":"https:\/\/farofadecolher.com.br\/loja\/wp-json\/wp\/v2\/media?parent=1632"}],"wp:term":[{"taxonomy":"product_brand","embeddable":true,"href":"https:\/\/farofadecolher.com.br\/loja\/wp-json\/wp\/v2\/product_brand?post=1632"},{"taxonomy":"product_cat","embeddable":true,"href":"https:\/\/farofadecolher.com.br\/loja\/wp-json\/wp\/v2\/product_cat?post=1632"},{"taxonomy":"product_tag","embeddable":true,"href":"https:\/\/farofadecolher.com.br\/loja\/wp-json\/wp\/v2\/product_tag?post=1632"}],"curies":[{"name":"wp","href":"https:\/\/api.w.org\/{rel}","templated":true}]}}